
What is the remainder when 581300 is divided by 5644?
5612
Calculate the remainder when 99388589 is divided by 6.
5
Calculate the remainder when 4110953 is divided by 101.
51
What is the remainder when 180649 is divided by 3229?
3054
What is the remainder when 1043701 is divided by 3574?
93
Calculate the remainder when 386198 is divided by 9166.
1226
What is the remainder when 16968 is divided by 8472?
24
What is the remainder when 170706 is divided by 10029?
213
What is the remainder when 26335936 is divided by 552?
16
What is the remainder when 655841113 is divided by 10265?
10263
Calculate the remainder when 34110 is divided by 11249.
363
What is the remainder when 459619 is divided by 331?
191
Calculate the remainder when 564702 is divided by 187171.
3189
What is the remainder when 1296223 is divided by 145?
68
What is the remainder when 622044 is divided by 32720?
364
What is the remainder when 105300 is divided by 35078?
66
Calculate the remainder when 1996951 is divided by 166356.
679
Calculate the remainder when 199337 is divided by 845.
762
Calculate the remainder when 90967191 is divided by 1076.
1075
What is the remainder when 2700487 is divided by 675082?
159
What is the remainder when 541024 is divided by 366?
76
Calculate the remainder when 6102689 is divided by 1281.
5
Calculate the remainder when 2116930 is divided by 641.
348
Calculate the remainder when 633650 is divided by 105097.
3068
What is the remainder when 103141 is divided by 427?
234
What is the remainder when 1165264 is divided by 16?
0
Calculate the remainder when 476179 is divided by 1011.
1009
What is the remainder when 136595412 is divided by 136595386?
26
What is the remainder when 330615 is divided by 330335?
280
Calculate the remainder when 482034780 is divided by 154.
150
Calculate the remainder when 49947280 is divided by 21792.
16
What is the remainder when 858398 is divided by 1181?
992
What is the remainder when 7771128 is divided by 582?
264
What is the remainder when 226843 is divided by 827?
245
What is the remainder when 428447 is divided by 142769?
140
Calculate the remainder when 36144969 is divided by 18072468.
33
What is the remainder when 138160 is divided by 1586?
178
Calculate the remainder when 22822022 is divided by 274.
14
Calculate the remainder when 41257458 is divided by 13752484.
6
Calculate the remainder when 145213 is divided by 1091.
110
Calculate the remainder when 5526333 is divided by 106.
23
Calculate the remainder when 1065842 is divided by 7012.
18
Calculate the remainder when 89978 is divided by 22.
20
Calculate the remainder when 82854798 is divided by 175.
173
Calculate the remainder when 6470351 is divided by 920.
911
Calculate the remainder when 28919579 is divided by 4187.
4157
Calculate the remainder when 2577796 is divided by 30.
16
Calculate the remainder when 7839801 is divided by 30505.
16
What is the remainder when 318726 is divided by 866?
38
Calculate the remainder when 2350705 is divided by 783484.
253
Calculate the remainder when 43830299 is divided by 166.
157
What is the remainder when 2136308 is divided by 802?
582
What is the remainder when 30679545 is divided by 444631?
6
Calculate the remainder when 352264 is divided by 16011.
22
What is the remainder when 7332 is divided by 3016?
1300
Calculate the remainder when 654071 is divided by 474.
425
What is the remainder when 60052297 is divided by 7506534?
25
What is the remainder when 214373 is divided by 21425?
123
What is the remainder when 24353132 is divided by 2843?
2837
What is the remainder when 107879 is divided by 3?
2
What is the remainder when 193628 is divided by 1296?
524
Calculate the remainder when 95491 is divided by 6364.
31
What is the remainder when 1471488 is divided by 93?
42
What is the remainder when 23376923 is divided by 1242?
1241
Calculate the remainder when 2964895 is divided by 1.
0
What is the remainder when 1094593 is divided by 1094547?
46
Calculate the remainder when 28322248 is divided by 353.
352
Calculate the remainder when 41071950 is divided by 12795.
0
Calculate the remainder when 790449 is divided by 982.
921
What is the remainder when 132092 is divided by 755?
722
What is the remainder when 291788 is divided by 97210?
158
Calculate the remainder when 161914 is divided by 1797.
184
What is the remainder when 5424516 is divided by 22?
20
What is the remainder when 1419861 is divided by 949?
157
What is the remainder when 3780438 is divided by 87917?
7
What is the remainder when 10608626 is divided by 26?
2
What is the remainder when 9801592 is divided by 13?
8
Calculate the remainder when 173727 is divided by 4963.
22
Calculate the remainder when 110062 is divided by 12143.
775
What is the remainder when 26364 is divided by 917?
688
Calculate the remainder when 207076 is divided by 12772.
2724
What is the remainder when 258567 is divided by 113?
23
What is the remainder when 78006 is divided by 38651?
704
What is the remainder when 26525 is divided by 2988?
2621
What is the remainder when 576526 is divided by 1052?
30
Calculate the remainder when 336003 is divided by 1615.
83
What is the remainder when 9786952 is divided by 4893442?
68
Calculate the remainder when 1971910 is divided by 39438.
10
Calculate the remainder when 71751 is divided by 1845.
1641
Calculate the remainder when 286978689 is divided by 35872335.
9
Calculate the remainder when 12815198 is divided by 27.
26
Calculate the remainder when 113969180 is divided by 74636.
8
What is the remainder when 84212 is divided by 42022?
168
What is the remainder when 101250811 is divided by 33750264?
19
What is the remainder when 797227 is divided by 357?
46
What is the remainder when 1339047 is divided by 2787?
1287
What is the remainder when 108019 is divided by 107541?
478
What is the remainder when 10589325 is divided by 104?
45
Calculate the remainder when 12760820 is divided by 6784.
116
What is the remainder when 37521932 is divided by 155?
152
What is the remainder when 727522 is divided by 72745?
72
Calculate the remainder when 662992502 is divided by 4.
2
Calculate the remainder when 147398 is divided by 4041.
1922
Calculate the remainder when 163326 is divided by 1350.
1326
What is the remainder when 35301438 is divided by 37?
34
Calculate the remainder when 717565 is divided by 358729.
107
Calculate the remainder when 5421348 is divided by 120474.
18
What is the remainder when 44344302 is divided by 22172142?
18
Calculate the remainder when 46539813 is divided by 20.
13
What is the remainder when 2780518769 is divided by 15?
14
Calculate the remainder when 1517072776 is divided by 169.
167
What is the remainder when 393748 is divided by 56166?
586
Calculate the remainder when 6477005 is divided by 68903.
123
Calculate the remainder when 765744 is divided by 11424.
336
What is the remainder when 1341327 is divided by 1618?
5
What is the remainder when 82735171 is divided by 1426468?
27
What is the remainder when 1460696 is divided by 572?
380
Calculate the remainder when 16039050 is divided by 66552.
18
Calculate the remainder when 5783536 is divided by 262885.
66
What is the remainder when 1060840 is divided by 194?
48
Calculate the remainder when 3398196 is divided by 166.
10
What is the remainder when 3323053 is divided by 6880?
13
Calculate the remainder when 359684 is divided by 4227.
389
Calculate the remainder when 1081919 is divided by 368.
367
What is the remainder when 79814695 is divided by 62?
49
Calculate the remainder when 48287328 is divided by 333.
330
What is the remainder when 115497 is divided by 2575?
2197
What is the remainder when 31855975 is divided by 31855958?
17
What is the remainder when 171332622 is divided by 4079348?
6
Calculate the remainder when 2725588 is divided by 914.
40
Calculate the remainder when 83583 is divided by 3289.
1358
What is the remainder when 1129369 is divided by 682?
659
Calculate the remainder when 1466784 is divided by 261.
225
Calculate the remainder when 957274350 is divided by 34.
32
Calculate the remainder when 11087384 is divided by 5543688.
8
What is the remainder when 145372111 is divided by 72686052?
7
What is the remainder when 16909528 is divided by 213?
97
What is the remainder when 72320